= -2*h - 2. Give x(l).
8
Let u(h) = 3*h + 1. Let c = 80 + -52. Suppose -16 = 4*g + c. Let v = 12 + g. What is u(v)?
4
Let o(l) be the first derivative of l**3/3 + 7*l**2/2 - l + 13. Give o(-5).
-11
Let n be 32/112 + 19/7. Let f(t) = 5*t**2 - 2*t**2 - 30*t + 32*t - t**3 - t**2 + 4. Determine f(n).
1
Let p be (7/14)/(4/48). Let d(z) be the third derivative of 0 + 1/4*z**4 + 0*z - 4*z**2 - 1/60*z**5 + z**3. Give d(p).
6
Let h = -23 + 13. Let j = 5 + h. Let u(z) be the first derivative of z**3/3 + 2*z**2 + z + 131. Give u(j).
6
Let k(c) = -5*c**2 - 16*c + 5. Let j(z) = -z**2 - 3*z + 1. Let x(t) = -11*j(t) + 2*k(t). Let o(y) = -5*y**2 - 3*y + 8. Let v(s) = o(s) + 4*x(s). Give v(5).
-16
Let d(l) = -3*l**3 - 7*l**2 + 5*l - 2. Let b(y) = -2*y**3 - y**2 + 1. Let a(u) = 2*b(u) - d(u). Let q be (-5)/(-2) - (-7)/14. What is a(q)?
7
Let z(g) = g**2 - g - 4. Let b be z(3). Let f(i) = i - 1. Let q(a) = -a**2 - 7*a + 6. Let x(c) = b*f(c) + q(c). Determine x(-5).
4
Suppose 6*c - 15 = 3. Let j(r) = 2*r**2 - 3*r + 2. Calculate j(c).
11
Let y(a) = 137 - a**2 - 474 + 12*a + 160 + 152. Determine y(10).
-5
Let z(n) = 13*n - 51 - 12*n + 55. Let f = -3 - -9. What is z(f)?
10
Let g(m) = -17*m + 8. Let r(o) = o**2 + 23*o - 9. Let u(f) = 3*g(f) + 2*r(f). What is u(5)?
31
Let k(h) = h**2 - 9*h + 2. Suppose 5*f + 292 = -c, 78 = -2*f - 2*c - 34. Let g = f + 64. Give k(g).
-18
Let p(o) = -2*o - 7. Suppose -3*q - 5*g + 10*g + 174 = 0, 5*q + 4*g = 327. Let s = -68 + q. Give p(s).
3
Let f(n) = n - 3. Let d(u) be the third derivative of 5*u**4/24 - 5*u**3/2 - 11*u**2. Let y(p) = -4*d(p) + 22*f(p). Give y(6).
6
Let b(i) = -i**3 - 10*i**2 + 4*i + 47. Suppose -2*o + 4*z = 0, -3*o = -5*z - 21 + 26. Calculate b(o).
7
Suppose 3 - 7 = 4*q. Let t(f) = 8*f**3 + 5*f**2 - 2*f - 3. Let x(a) = a**3 + a**2 - a - 1. Let d(m) = -t(m) + 4*x(m). Give d(q).
4
Let c(l) = 4*l + 15. Let n be (111/(-11) - 1/(-11)) + 4. What is c(n)?
-9
Suppose -6 = 4*t + 26. Let g(p) be the third derivative of -p**4/12 - 4*p**3/3 + p**2 + 130*p. Give g(t).
8
Let n = 7 - 7. Suppose 4*i - 4 - 20 = n. Let z(u) = -u**3 + 5*u**2 + 5*u + 5. What is z(i)?
-1
Let i(f) = -3*f**2 + 3*f - 2. Let r(p) = -40*p - 209. Let o be r(-5). Let h(j) = -3*j**2 - 5*j + 1 + 3 + 10*j**2. Let y(n) = o*i(n) - 4*h(n). Determine y(-8).
-6
Let h(g) = -g + 4. Suppose -4 = 2*b - 2*f + 2, 0 = -5*f + 25. Let p be (2 + 2 - 4)/b. Suppose -7*l + 4*l = p. What is h(l)?
4
Suppose 0 = -3*u + 4*z - 10 - 5, 0 = -u - 3*z - 5. Let d(s) = s**3 + 6*s**2 + 6*s - 7. Determine d(u).
-12
Let j(m) be the first derivative of -m**3/3 + 3*m**2 - 5*m + 1. Suppose -93 = 7*o + 19. Let d be (o + 11)*(-6)/5. Calculate j(d).
-5
Let r(y) = -y**3 - 7*y**2 - 6*y - 6. Suppose 0 = 3*m - 27 + 45. What is r(m)?
-6
Suppose -20 = 8*q - 10*q - 4*g, 0 = 3*g. Let t(a) = a**3 - 11*a**2 + 13*a - 15. Calculate t(q).
15
Let p(w) be the third derivative of -1/360*w**6 + 4*w**2 + 0*w + 0 + 0*w**5 + 1/12*w**4 - 5/6*w**3. Let l(t) be the first derivative of p(t). Determine l(3).
-7
Suppose 3*c + 6 = -3*t, -2*c - t = -5*t + 28. Let u(f) = f. Let w(x) = -5*x - 4. Let p(m) = 4*u(m) + w(m). Calculate p(c).
2
Let k(q) = 2*q**2 - 4*q. Suppose 2*j + 2 = -10. Let n = 9 + j. Give k(n).
6
Let i(w) = -w + 1. Let m(n) = -7*n + 6. Let p be 2*1 - (-3 - -6). Suppose 4*x = -0 + 20. Let h(t) = p*m(t) + x*i(t). What is h(1)?
1
Let r(b) = -1. Let l(h) = h**3 - 2*h**2 - 2*h + 13. Let y(v) = -2*l(v) - 22*r(v). Give y(4).
-52
Suppose -8*u - 2 = -6*u. Let s(x) = -6*x**2 + 2*x + 3. Suppose a + 5*z + 6 = -9, 3*z - 13 = -5*a. Let f(o) = -o**2. Let n(d) = a*f(d) + u*s(d). Calculate n(-2).
5
Let b(r) = 139*r + 9 + 0 - 138*r - 5 + 8. Give b(0).
12
Let s be 6 - (-5 + 9/3 - -4). Let o(k) = -k**3 + 3*k**2 - 7*k + 5. What is o(s)?
-39
Suppose -4*v + 17 = 1. Let g(l) = -1 - v + 2 + 6*l + 5 + l**2. Give g(-4).
-6
Let y(h) be the third derivative of h**4/8 - 5*h**3/3 - 66*h**2. What is y(7)?
11
Let j = -1 + 2. Let x(h) = -51*h + 93*h - 45*h - 3 + 4. Calculate x(j).
-2
Let r(p) = p + 7. Let a be (25 - 22)/(1/(-3)). Give r(a).
-2
Let l = 687 - 683. Let a(y) = -y**3 + 6*y**2 + y - 2. Calculate a(l).
34
Let k(t) be the second derivative of -5/2*t**2 + t**3 + 0 + 1/12*t**4 + 9*t. Determine k(-7).
2
Suppose 6*t = -50 + 98. Let f(r) = 0*r - 4*r + 2 + 6*r - 11. Give f(t).
7
Let f(y) = y - 6. Let h be 55 + 6 + (3 - 8). Let i = -51 + h. Determine f(i).
-1
Let b(w) = -w**2 + 9*w - 1. Suppose 196 = 3*m + 4*m. Suppose 16*p = 12*p + m. Give b(p).
13
Suppose h - 51 = -10. Let r = -40 + h. Let u(o) = -7*o - 1. What is u(r)?
-8
Suppose 4*b + 6 + 2 = 0, 0 = -3*r + 3*b + 72. Suppose -4*o = -2*u + r, -3*u + 5*o + 5 = -24. Let z(a) = 3*a + 1. Calculate z(u).
10
Let z(c) = c - 2. Let h be 1/(-2) - (-60)/8. Let q(m) = m - 1. Let k(f) = h*q(f) - 6*z(f). Suppose 118*i = 130*i. Give k(i).
5
Suppose -p = 3*z - 0*z, 0 = p + z. Suppose 0 = -9*v + 4*v + 50. Let o(b) = v - 13 + 1 + b. Give o(p).
-2
Let r(z) be the first derivative of -z**4/4 - 2*z**3/3 + z**2 - z + 78. Determine r(-3).
2
Let w be (16/3)/(18/(-243)). Let y = 72 + w. Let z(s) = -s - 6. Calculate z(y).
-6
Let l(r) = -13 + 272*r - 85*r - 87*r - 102*r. Calculate l(-15).
17
Suppose 2*z - 10*s + 18 = -7*s, 3*s - 12 = 0. Let d(v) = -2*v**2 + v + 7. Calculate d(z).
-14
Let a(r) = -r**2 + r + 7. Suppose 0 = -3*w + 4 + 11, q + 3*w - 85 = 0. Suppose 3*h = q - 55. Determine a(h).
-13
Let l(b) = -b**2 - 2*b + 13. Suppose 3*z + 9 = -3*w - 18, 4*w + 5*z = -39. Determine l(w).
-11
Let a(z) = -11*z + 750. Let p be a(68). Let y(f) be the second derivative of 0 + 3/2*f**p + f - 1/6*f**3. Calculate y(0).
3
Let b(d) be the second derivative of -1/6*d**3 - 1/12*d**4 + d**2 + 0 - 24*d. Calculate b(-5).
-18
Let a(g) = -2*g + 12*g - 7*g + 26 - 4*g + 0*g. Calculate a(18).
8
Let v(s) be the second derivative of s**5/20 - 5*s**4/12 + s**3/2 - 6*s**2 + s + 4. What is v(5)?
3
Let x(w) = -5*w**2 + 363*w - 364. Let k be x(1). Let i(h) be the third derivative of h**5/60 + 5*h**4/24 - h**3/3 - h**2. Calculate i(k).
4
Let h(u) be the third derivative of u**5/60 + 7*u**4/24 - u**3/2 - 11*u**2 - 1. Determine h(-5).
-13
Let n(b) = -3*b + 6. Let t be (-30)/(-4)*2/3. Let d be (-30)/6*(-3)/t. Let y be n(d). Let c(f) = -4*f - 4. What is c(y)?
8
Let c = 15 + -14. Let l(d) = -3*d - 4. Let q(u) = 1. Let s(n) = c*l(n) + 6*q(n). Calculate s(3).
-7
Let x(g) = 10 - 6*g**2 - 2 - 3 - 4. Determine x(-1).
-5
Let t(m) = 3 - 5 - m**2 - 2 - 7*m. Give t(-6).
2
Suppose -q + 4*r = -8, 3*r + 16 = -5*q + 33. Let u(w) = -w**3 + 4*w**2 + w + 5. Calculate u(q).
9
Let j(z) = 2*z**2 + 4*z. Suppose 3 = -2*t - 5. Let v be 38/(-14) - t/(-14). Give j(v).
6
Suppose 11 = 5*h - 24. Let v(k) = k**2 - 7*k + 3. Let u(n) = n**2 - 7*n + 1. Let b(t) = -6*u(t) + 5*v(t). Give b(h).
9
Let r(w) = 3*w**2 + 7*w**2 + 2*w - 7*w**2 - 1. Give r(-2).
7
Let p(s) be the second derivative of s**5/20 - s**4/4 - s**3 + 7*s**2/2 - 31*s. Calculate p(4).
-1
Let s(y) = y**2 + 10*y - 2. Let v be (-1)/(33/54 - 3/6). Calculate s(v).
-11
Let v be (1 - (2 + -3))/(2/11). Let p(w) = 7 - 10*w - v*w + 22*w. What is p(0)?
7
Suppose 11*c = 6*c + 55. Let t(k) = k**3 - 10*k**2 - 8*k - 24. Let m be t(c). Suppose -p + a = -m, -2*p = 5*a + 8 + 2. Let i(h) = -h + 4. Determine i(p).
-1
Let z be 3 - (0/4)/(-5). Suppose -z*r = c + 7, 2*c - r + 2*r = -4. Let l(u) = -8*u**2. Give l(c).
-8
Let t(q) = -q - 5. Let d(b) = b**3 + 9*b**2 - 14*b - 15. Let v(p) = -d(p) + 4*t(p). Calculate v(-10).
-5
Let j(g) = -g**3 - 9*g**2 - 10*g - 11. Suppose 0 = 6*q - 10*q - 132. Let n be 3 - q/(-3)*1. Determine j(n).
5
Let b(c) be the third derivative of c**5/60 + 3*c**4/8 - 7*c**3/6 - 3*c**2 - 4*c. What is b(-7)?
-21
Let u(f) = 10*f + 28. Let l(r) = 17*r + 54. Let m(v) = 3*l(v) - 5*u(v). Give m(-9).
13
Let c(g) = g**3 + 3*g**2 - 3*g + 2. Let q = -226 - -222. Determine c(q).
-2
Let c(x) = -798*x - 6375. Let i be c(-8). Let r(m) be the first derivative of m**2/2 - 8*m - 1. What is r(i)?
1
Let d(s) be the third derivative of 1/30*s**5 + 0 - 5/24*s**4 + 6*s**2 + 0*s**3 + 0*s + 1/180*s**6. Let l(c) be the second derivative of d(c). Calculate l(-3).
-8
Let u = -37 - -37. Let d(f) be the second derivative of -1/6*f**3 - 4*f + 0 - 1/2*f**2. What is d(u)?
-1
Let h(n) = n**3 + 10*n**2 - 12*n - 16. Suppose 202*r = 194*r - 88. Calculate h(r